{"id":54,"date":"2021-05-06T19:44:49","date_gmt":"2021-05-06T19:44:49","guid":{"rendered":"http:\/\/posto-antt.com.br\/?page_id=54"},"modified":"2021-05-06T20:09:50","modified_gmt":"2021-05-06T20:09:50","slug":"obrigatoriedade","status":"publish","type":"page","link":"https:\/\/posto-antt.com.br\/?page_id=54","title":{"rendered":"Obrigatoriedade"},"content":{"rendered":"\t\t<div data-elementor-type=\"wp-page\" data-elementor-id=\"54\" class=\"elementor elementor-54\">\n\t\t\t\t\t\t<section class=\"elementor-section elementor-top-section elementor-element elementor-element-3d97ccb elementor-section-boxed elementor-section-height-default elementor-section-height-default\" data-id=\"3d97ccb\" data-element_type=\"section\">\n\t\t\t\t\t\t<div class=\"elementor-container elementor-column-gap-default\">\n\t\t\t\t\t<div class=\"elementor-column elementor-col-100 elementor-top-column elementor-element elementor-element-df805d3\" data-id=\"df805d3\" data-element_type=\"column\">\n\t\t\t<div class=\"elementor-widget-wrap elementor-element-populated\">\n\t\t\t\t\t\t<div class=\"elementor-element elementor-element-abc7529 elementor-widget elementor-widget-heading\" data-id=\"abc7529\" data-element_type=\"widget\" data-widget_type=\"heading.default\">\n\t\t\t\t<div class=\"elementor-widget-container\">\n\t\t\t\t\t<h3 class=\"elementor-heading-title elementor-size-default\">Obrigatoriedade<\/h3>\t\t\t\t<\/div>\n\t\t\t\t<\/div>\n\t\t\t\t\t<\/div>\n\t\t<\/div>\n\t\t\t\t\t<\/div>\n\t\t<\/section>\n\t\t\t\t<section class=\"elementor-section elementor-top-section elementor-element elementor-element-6c3d2c6 elementor-section-boxed elementor-section-height-default elementor-section-height-default\" data-id=\"6c3d2c6\" data-element_type=\"section\">\n\t\t\t\t\t\t<div class=\"elementor-container elementor-column-gap-default\">\n\t\t\t\t\t<div class=\"elementor-column elementor-col-100 elementor-top-column elementor-element elementor-element-3798ff5\" data-id=\"3798ff5\" data-element_type=\"column\">\n\t\t\t<div class=\"elementor-widget-wrap elementor-element-populated\">\n\t\t\t\t\t\t<div class=\"elementor-element elementor-element-2081d6f elementor-widget elementor-widget-text-editor\" data-id=\"2081d6f\" data-element_type=\"widget\" data-widget_type=\"text-editor.default\">\n\t\t\t\t<div class=\"elementor-widget-container\">\n\t\t\t\t\t\t\t\t\t<p>Os transportadores que realizam a atividade econ\u00f4mica de transporte rodovi\u00e1rio de cargas no Brasil, por conta de terceiros e mediante remunera\u00e7\u00e3o, devem estar registrados no RNTRC, conforme os requisitos da\u00a0<a href=\"https:\/\/despachantems.com.br\/downloads\/resolucao\/RESOLUCAO_CONTRAN_3056_09.pdf\">Resolu\u00e7\u00e3o ANTT n\u00ba 3.056, de 12 de mar\u00e7o de 2009<\/a>.<br \/><br \/>As categorias do RNTRC s\u00e3o:<br \/>-Empresas de Transporte Rodovi\u00e1rio de Cargas &#8211; ETC,<br \/>-Cooperativas de Transporte Rodovi\u00e1rio de Cargas-CTC e<br \/>-Transportadores Aut\u00f4nomos de Cargas-TAC<br \/><br \/>Por outro lado, a inscri\u00e7\u00e3o do Transportador de Carga Pr\u00f3pria -TCP \u00e9 vedada. Caracteriza-se transporte de carga pr\u00f3pria quando a Nota Fiscal dos produtos tem como emitente ou como destinat\u00e1rio a empresa, a entidade ou o indiv\u00edduo propriet\u00e1rio, copropriet\u00e1rio ou arrendat\u00e1rio do ve\u00edculo.<\/p>\t\t\t\t\t\t\t\t<\/div>\n\t\t\t\t<\/div>\n\t\t\t\t\t<\/div>\n\t\t<\/div>\n\t\t\t\t\t<\/div>\n\t\t<\/section>\n\t\t\t\t<\/div>\n\t\t","protected":false},"excerpt":{"rendered":"<p>Obrigatoriedade Os transportadores que realizam a atividade econ\u00f4mica de transporte rodovi\u00e1rio de cargas no Brasil, por conta de terceiros e mediante remunera\u00e7\u00e3o, devem estar registrados no RNTRC, conforme os requisitos da\u00a0Resolu\u00e7\u00e3o ANTT n\u00ba 3.056, de 12 de mar\u00e7o de 2009. As categorias do RNTRC s\u00e3o:-Empresas de Transporte Rodovi\u00e1rio de Cargas &#8211; ETC,-Cooperativas de Transporte Rodovi\u00e1rio<span class=\"read-more-faq\"><a href=\"https:\/\/posto-antt.com.br\/?page_id=54\">Read More<\/a><\/span><\/p>\n","protected":false},"author":1,"featured_media":0,"parent":0,"menu_order":0,"comment_status":"closed","ping_status":"closed","template":"elementor_header_footer","meta":{"footnotes":""},"class_list":["post-54","page","type-page","status-publish","hentry"],"_links":{"self":[{"href":"https:\/\/posto-antt.com.br\/index.php?rest_route=\/wp\/v2\/pages\/54","targetHints":{"allow":["GET"]}}],"collection":[{"href":"https:\/\/posto-antt.com.br\/index.php?rest_route=\/wp\/v2\/pages"}],"about":[{"href":"https:\/\/posto-antt.com.br\/index.php?rest_route=\/wp\/v2\/types\/page"}],"author":[{"embeddable":true,"href":"https:\/\/posto-antt.com.br\/index.php?rest_route=\/wp\/v2\/users\/1"}],"replies":[{"embeddable":true,"href":"https:\/\/posto-antt.com.br\/index.php?rest_route=%2Fwp%2Fv2%2Fcomments&post=54"}],"version-history":[{"count":4,"href":"https:\/\/posto-antt.com.br\/index.php?rest_route=\/wp\/v2\/pages\/54\/revisions"}],"predecessor-version":[{"id":93,"href":"https:\/\/posto-antt.com.br\/index.php?rest_route=\/wp\/v2\/pages\/54\/revisions\/93"}],"wp:attachment":[{"href":"https:\/\/posto-antt.com.br\/index.php?rest_route=%2Fwp%2Fv2%2Fmedia&parent=54"}],"curies":[{"name":"wp","href":"https:\/\/api.w.org\/{rel}","templated":true}]}}